t be -2*(-2 + 7/2). Calculate w(t).
-1
Let b(x) = x**2 + 7*x + 8. Suppose 2*l = -3*k - 17, -5*k - 3*l + 0*l = 29. Let i be b(k). Let q(a) = i*a - a**2 + 8 - 3*a - 3. Calculate q(4).
9
Let n(u) = -u**2 - 4. Suppose -9 = 3*j + 3. Let z = -8 - j. Let f = z + 4. What is n(f)?
-4
Let t(a) = -a + 1. Suppose -m + 10 = 2*c + c, -3*m = -5*c - 16. What is t(m)?
-6
Suppose q = 5*q - 12. Let d(u) = -u**3 + 3*u**2 - 4*u - 2. Let b(j) = -2*j**3 + 6*j**2 - 9*j - 4. Let a(l) = q*b(l) - 7*d(l). Determine a(2).
0
Let g(w) = 3*w - 1. Let b be 1 + -2 - -1*9. Let y = -5 + b. Suppose 2*s - 10 = 3*j, -3*j - 4 = -y*s + 5. Determine g(s).
-4
Let v(c) = -c**3 - 3*c**2 + 3*c + 3. Suppose -d + 3*h - 9 = -2*h, -d - 4*h = 0. What is v(d)?
7
Let a(g) = g**2 + 2*g + 4. Suppose 2*k = -2*y + 4, -k + 5*k = 2*y + 26. Suppose 4 + 16 = -k*d. What is a(d)?
12
Let h be ((-8)/(-6))/(8/12). Let i(l) = -5 + 11 + 9*l + l**h - 3*l. Let m = -7 + 2. Calculate i(m).
1
Let q(g) = 7*g + 11. Let d(y) = 13 + 7 + 11*y - 2 - 2. Let o(a) = 5*d(a) - 8*q(a). What is o(0)?
-8
Let w(b) = 6*b + 5 + b - 13*b + b**2. Let p(m) = 2*m - 3. Let x be p(4). Calculate w(x).
0
Let x(u) be the second derivative of -u**6/180 + u**5/24 + u**4/8 + u**3/2 + u. Let j(n) be the second derivative of x(n). Determine j(4).
-9
Let x(w) = w**3 - 6*w**2 - w - 7. Let h(b) = b**3 + 5*b**2 + 5*b + 10. Let s be h(-4). Determine x(s).
-13
Suppose -1 = 21*c - 20*c. Let d(o) = 3*o**2 + 2*o + 1. What is d(c)?
2
Suppose 5*m - 6 = 7*m. Let q be (2/3)/(m/(-9)). Let u(h) = -2*h**2 - 2 - 4*h + 2*h + 4*h. Give u(q).
-6
Let l(n) = 2*n + 7. Let b be 0*1/(-2) - -1. Let v be (-20)/8*(b - -1). Calculate l(v).
-3
Suppose 3 = 4*b - 1. Let a = b + 2. Let x(i) = 3*i**3 - i**2 + i. Let k(n) = -7*n**3 + 2*n**2 - 2*n. Let h(w) = a*k(w) + 5*x(w). Give h(1).
-6
Let w be -1 + 4/2 + 1. Let d(q) = -3*q - 3*q - q**w + 1 + 1. Let u be -3 + 24/(-4) + 4. Determine d(u).
7
Let x(f) = f**3 + 7*f**2 + 5*f - 10. Let a be x(-6). Let l(s) = -s**2 - 4*s + 3. What is l(a)?
3
Let v(u) = -u**2 - 3 + u - 6*u + 2 - 2. Calculate v(-4).
1
Let t(x) be the third derivative of -x**4/12 + 47*x**2. Give t(-2).
4
Let q(n) be the second derivative of -n**3/3 + 5*n**2/2 + n. Let y = 5 - 5. Suppose y = 5*r - 33 + 8. What is q(r)?
-5
Let k(i) = -5*i**3 + 4*i**2 + i - 3. Let o(z) = 4*z**3 - 3*z**2 - z + 3. Let u(j) = 3*k(j) + 4*o(j). Let h be u(0). Let f(x) = -x**2 - 2*x + 1. What is f(h)?
-14
Let i(p) = 0*p**2 - 4*p**3 - 2*p**2 + 5*p**3 - p + 2*p. Let m be i(2). Let y(z) = -z**3 - 2*z**2 + 3*z. What is y(m)?
-10
Let z(a) = 11 - 3*a + a**3 + 0*a**3 - 8 - 2*a**2. Determine z(3).
3
Let m(y) = y + 5 - 1 - 2*y**2 + 2*y. Let u = 2 + 6. Let c(s) = s**2 - 8*s + 3. Let q be c(u). Give m(q).
-5
Let w(j) be the first derivative of -6 - 13*j - 1/2*j**2. Calculate w(-6).
-7
Let c(t) = t**2 - 4*t - 3. Let z(q) = -q**2 + 3*q + 4. Let s(v) = 4*c(v) + 3*z(v). Give s(7).
0
Let o(k) = -k**2 + k + 3. Suppose 8*a = 3*a. Calculate o(a).
3
Let j(p) be the third derivative of p**4/6 - 5*p**3/3 - 2*p**2. Let i(l) = l - 2. Suppose -2*u + 48 = 20. Let r(y) = u*i(y) - 3*j(y). Give r(-2).
-2
Suppose 4*t = -9 - 3. Let a(o) = -o**2 + 2*o + 0*o - 2*o**2 - 3 - 3*o - o**3. Give a(t).
0
Let y be (15/(-4))/(12/(-32)). Let i(f) = f**3 - 10*f**2 + f - 7. Let n be i(y). Let j be (n - 2)*1*2. Let b(c) = -6*c + 2. Give b(j).
-10
Let z(k) = -3*k**3 + 9*k**2 + k - 4. Let x(j) = j**3 - 4*j**2 + 2. Let o(c) = -7*x(c) - 3*z(c). Determine o(-2).
-8
Let d be (8/(-12))/(2/(-6)). Let a(x) = 2*x**2 - 2*x - 3*x**d - 4 + 1 + 9*x. Determine a(5).
7
Let b(t) = 3*t**2 + 2*t + 1. Let m be b(-1). Let s(x) = -x**2 + x + 1 - 7*x**m - x**3 + 3*x**2. Suppose -5*l + 4*f - 41 = 0, 3*l + 24 + 7 = 4*f. Calculate s(l).
-4
Let v(a) = 11*a - 4 - 4 - 8*a - 4*a. Suppose k = 2, t + t - 10 = -5*k. Give v(t).
-8
Let l = -48 - -52. Let x(q) = q**2 - 5*q - 1. Calculate x(l).
-5
Let q be 10/3 - (-2)/(-6). Let z(f) be the third derivative of -f**5/60 + f**4/24 - 43*f**2. What is z(q)?
-6
Let r(w) = w**3 + w - 1. Let j(g) = 7*g**3 - g**2 + 2*g - 3. Let k(n) = j(n) - 6*r(n). What is k(3)?
9
Let z(m) = m**3 - m**2 + m - 1. Let x(y) = 3*y**3 - 3*y**2 + 2*y - 3. Let u(r) = -x(r) + 4*z(r). Determine u(2).
7
Let l = 24 + -20. Let g(a) be the first derivative of -a**5/60 + a**4/6 - 2*a**3/3 + 1. Let t(q) be the third derivative of g(q). Determine t(l).
-4
Let r(i) = i**3 - 4 - 4*i**2 + i + 4*i**2 + i**2 + 5. Let x(b) = -b**2 - 11*b - 11. Let d be x(-10). Calculate r(d).
0
Let l be (0*((-21)/6 - -3))/1. Let s(n) = -n + 6. What is s(l)?
6
Suppose w + 1 = -2, -5*w - 3 = 3*v. Suppose -3*g - 4*i + 2 = 0, -2*i - 3 + 13 = 0. Let l = g + v. Let d(n) = -3*n**2 - n + 2. What is d(l)?
-8
Let d(x) = x**2 + x + 4. Let o be d(0). Let h(k) = o*k - k + 7 - 4*k. Give h(6).
1
Let d(y) = y + 2. Let f be 0 - (-6)/3 - (5 + -1). What is d(f)?
0
Let c(g) be the first derivative of g**4/4 + g**3/3 - 5*g**2/2 - 2*g - 7. What is c(-3)?
-5
Let j(z) be the first derivative of 2 + 2*z**2 + z - 1/4*z**4 + 4/3*z**3. What is j(5)?
-4
Let j(i) = 11*i**3 - i**2 - i - 1. Suppose 3*k = -0*k. Suppose 4*q + 0*q + 2*g - 2 = k, 2*q - 4*g = -14. Determine j(q).
-12
Let j be -2*2*(-1)/(-4)*-7. Let b(o) = -o**3 + 7*o**2 + o - 5. What is b(j)?
2
Suppose -56 = -3*v - 11*v. Let z(b) = 1 - b**2 + 0 + 0 + 5*b. Determine z(v).
5
Suppose 2*x + 4*b - 2 = 2*b, 2*b = 3*x - 8. Let c(a) = -x*a - 1 - 2 + 0*a + 2. Determine c(-5).
9
Let h(p) = -3*p**3 - 3*p**2 + 4*p - 4. Let m(s) = -5*s**3 - 5*s**2 + 7*s - 8. Let j(b) = -7*h(b) + 4*m(b). Determine j(-3).
-22
Let o(d) be the second derivative of -1/12*d**4 + 0 + 4/3*d**3 - 4*d**2 + 9*d. Calculate o(6).
4
Let i = -9 - -3. Let m = -7 - i. Let r(p) be the third derivative of -p**4/6 - p**3/6 - p**2. Give r(m).
3
Let p(z) = -5*z - 4. Let k(d) = -2*d - 2. Let c(g) = 14*k(g) - 6*p(g). Suppose 0 = -2*q - 2*u + 10, -4*q - 2*u = 2 - 20. Give c(q).
4
Let g(o) = -7*o - 4*o**2 + 8*o + 0*o**2 + o**3. Determine g(4).
4
Let x(k) = -9*k - 1. Let a be -5 + (12 - 4)/2. Calculate x(a).
8
Let t(u) be the second derivative of -u**4/12 + 5*u**3/6 + 7*u**2/2 - 8*u. Calculate t(5).
7
Let c(x) be the second derivative of x**3/3 + 3*x**2 + 16*x. Determine c(-7).
-8
Let v(q) = -q**2 - 6*q - 4. Let d = 91 - 96. Determine v(d).
1
Let k = -42 + 43. Let j(d) = -15*d. Calculate j(k).
-15
Let s(u) = -2*u - u**3 + 4*u**2 + 0*u**2 - u**2. Give s(2).
0
Let f(v) = 129 - v**3 + 2*v**2 + 2*v**2 - 127. Let u = -1 + 4. Give f(u).
11
Let q(g) = -g + 2. Let o(k) = k**2 + 5*k - 7. Let f be o(-6). Let r be (-1)/(-1) - (f + -5). Calculate q(r).
-5
Let f(n) = n + 2. Let s be f(3). Let q = 10 - s. Let z(k) = k**3 - 5*k**2 - 4. What is z(q)?
-4
Let m(b) = -3*b**2 - b - 2. Let c(i) = 16*i**2 + 4*i + 11. Let v(z) = -2*c(z) - 11*m(z). Determine v(-4).
4
Suppose -4*g = -0*g - 12. Let q(u) = -u**2 - 10*u - 6. Let r be q(-9). Let n(i) = -i + 3 + 2*i**r - i - i**g. What is n(2)?
7
Let g(y) = -3*y - 7. Let x(p) = 3*p + 8. Let t(d) = -6*g(d) - 5*x(d). What is t(2)?
8
Suppose -6*d + 4*v + 8 = -2*d, -3*d + 2 = -4*v. Let o(p) = -3 - 2*p + 4*p - d*p + 0*p. Let i be (1/(-2))/((-2)/(-8)). Give o(i).
5
Let x(f) = -5*f**3 - 3*f**2 + f - 6. Let q(i) = 11*i**3 + 7*i**2 - 2*i + 13. Let v(y) = 6*q(y) + 13*x(y). Give v(-3).
-3
Let r(b) = 6*b**2. Let h = -89 - -88. Give r(h).
6
Let v(s) = s**2 + s - 4. Let c be v(-3). Let h(f) = 2*f**2 + f - f**2 - 3*f - 4 - c*f**2. Calculate h(-3).
-7
Let a(g) = 4*g - 2*g - 3 + 0. Determine a(5).
7
Let p(f) be the third derivative of f**6/120 - f**5/15 - f**4/24 + 2*f**3/3 - f**2. Let z be (-87)/15 + 9 - 8/(-10). Give p(z).
0
Let d(x) = -x**2 + 6*x + 2. Suppose 4*l - 2*f - 22 = -0*l, 5*l - 5*f - 30 = 0. Determine d(l).
7
Let c be ((-12)/(-9))/4 + 5/3. Let k(z) = z**2 - 2*z. Determine k(c).
0
Let q(f) = 4*f - 2. Let c = 1 - 0. Let r be 3 + (c + -2)*1. Give q(r).
6
Let d(r) = -2*r - 15. Let h(o) = o + 8. Let w(n) = -6*d(n) - 11*h(n). Give w(5).
7
Let f(a) be the first derivative of a**4/4 + 7*a**3/3 + 5*a**2/2 - 2*a + 4. Determine f(-6).
4
Let g(t) = -t**2 - 4*t + 6. Let i be (4/6)/((-2)/(-9)). Let z = i + -9. What is g(z)?
-6
Let h(z) = 4*z**3 - 2*z**2 + 6. Let g(q) = -3*q**3 + q**2 - 5. Let d(l) = 5*g(l) + 4*h(l). Let n = 1 + 2. What is d(n)?
-1
Let l be (9 + -11)/((-4)/10). Let r(u) = 2*u. What is r(l)?
